{"id":158,"date":"2012-02-14T13:14:32","date_gmt":"2012-02-14T13:14:32","guid":{"rendered":"https:\/\/www.wsga-amgs.org\/?page_id=158"},"modified":"2012-02-14T14:17:44","modified_gmt":"2012-02-14T14:17:44","slug":"argumentaire","status":"publish","type":"page","link":"https:\/\/www.wsga-amgs.org\/?page_id=158","title":{"rendered":"Argumentaire"},"content":{"rendered":"<p><strong>Besoins de r\u00e9gulation du monde du sport en comparaison aux actions du CIO en mati\u00e8re de gouvernance\u00a0?<\/strong><\/p>\n<p>En effet, sous l\u2019impulsion de son ancien pr\u00e9sident Juan Antonio Samaranch, suite au rapport CIO 2000 et continu\u00e9 aujourd\u2019hui par son successeur, le Dr Jacques Rogge, les grandes associations internationales sportives ont suivi certaines recommandations. Mais cela reste marginal.<\/p>\n<p>Preuve en est le Congr\u00e8s du CIO de Copenhague du 5 octobre 2009 o\u00f9 seules deux recommandations concernant la bonne gouvernance du monde du sport ont \u00e9t\u00e9 produites. Il s\u2019agit des recommandations 41 et 42. Ces derni\u00e8res disent\u00a0: \u00ab\u00a0La l\u00e9gitimit\u00e9 et l\u2019autonomie du Mouvement olympique d\u00e9pendent du respect des normes les plus \u00e9lev\u00e9es en mati\u00e8re de comportement \u00e9thique et de bonne gouvernance. Tous les membres du Mouvement olympique devraient adopter, comme norme minimum, les Principes universels de base de bonne gouvernance du Mouvement olympique, propos\u00e9s par le CIO. Tous les membres du Mouvement olympique doivent faire preuve en tout temps d\u2019int\u00e9grit\u00e9, de responsabilit\u00e9s et de transparence ainsi que de solides comp\u00e9tences de gestion, et s\u2019assurer qu\u2019en toutes circonstances, leur statut juridique est pleinement compatible avec leurs activit\u00e9s et responsabilit\u00e9s et en tous points conformes \u00e0 la l\u00e9gislation du pays en question (lois applicables)\u00a0\u00bb pour la 41 et \u00ab\u00a0Tous les membres du Mouvement olympique devraient\u00a0: tenir des comptes annuels respectant les normes comptables reconnues\u00a0; s\u2019assurer que ces derniers sont r\u00e9vis\u00e9s ou contr\u00f4l\u00e9s de mani\u00e8re ind\u00e9pendante\u00a0; adopter des r\u00e8gles, normes et pratiques en vertu desquelles ceux qui ne respectent pas les principes de bonne gouvernance pourraient perdre leur soutien financier ou \u00eatre sanctionn\u00e9s\u00a0; adopter et mettre en place un code d\u2019\u00e9thique fond\u00e9 sur les principes et r\u00e8gles du Code d\u2019\u00e9thique du CIO\u00a0; et toujours s\u2019efforcer de prot\u00e9ger et promouvoir les int\u00e9r\u00eats des athl\u00e8tes qu\u2019ils repr\u00e9sentent.\u00a0\u00bb pour la 42.<\/p>\n<p>Malheureusement, le texte de ces recommandations reste toujours au conditionnel et ne repr\u00e9sente qu\u2019un encouragement \u00e0 suivre la d\u00e9marche, comme aussi \u00ab\u00a0les r\u00e8gles de bonne conduite pour les FI\u00a0\u00bb dans le Code \u00e9thique (2009) du CIO. Plusieurs chercheurs ont fait des propositions au CIO, comme Chappelet en 1991 et 2006, Arcioni en 2007 et 2009 afin d\u2019am\u00e9liorer les structures de contr\u00f4le de gouvernance. Une proposition de cr\u00e9ation des \u00ab\u00a0Conventions de Lausanne\u00a0\u00bb par le prof. Chappelet a \u00e9t\u00e9 \u00e9mise lors de sa conf\u00e9rence devant le Panathlon Club Lausanne en 2010.<\/p>\n","protected":false},"excerpt":{"rendered":"<p>Besoins de r\u00e9gulation du monde du sport en comparaison aux actions du CIO en mati\u00e8re de gouvernance\u00a0? En effet, sous l\u2019impulsion de son ancien pr\u00e9sident Juan Antonio Samaranch, suite au rapport CIO 2000 et continu\u00e9 aujourd\u2019hui par son successeur, le &hellip; <a href=\"https:\/\/www.wsga-amgs.org\/?page_id=158\">Continue reading <span class=\"meta-nav\">&rarr;<\/span><\/a><\/p>\n","protected":false},"author":1,"featured_media":0,"parent":0,"menu_order":4,"comment_status":"closed","ping_status":"closed","template":"sidebar-page.php","meta":{"footnotes":""},"language":[5],"class_list":["post-158","page","type-page","status-publish","hentry","language-fr_fr"],"_links":{"self":[{"href":"https:\/\/www.wsga-amgs.org\/index.php?rest_route=\/wp\/v2\/pages\/158","targetHints":{"allow":["GET"]}}],"collection":[{"href":"https:\/\/www.wsga-amgs.org\/index.php?rest_route=\/wp\/v2\/pages"}],"about":[{"href":"https:\/\/www.wsga-amgs.org\/index.php?rest_route=\/wp\/v2\/types\/page"}],"author":[{"embeddable":true,"href":"https:\/\/www.wsga-amgs.org\/index.php?rest_route=\/wp\/v2\/users\/1"}],"replies":[{"embeddable":true,"href":"https:\/\/www.wsga-amgs.org\/index.php?rest_route=%2Fwp%2Fv2%2Fcomments&post=158"}],"version-history":[{"count":2,"href":"https:\/\/www.wsga-amgs.org\/index.php?rest_route=\/wp\/v2\/pages\/158\/revisions"}],"predecessor-version":[{"id":186,"href":"https:\/\/www.wsga-amgs.org\/index.php?rest_route=\/wp\/v2\/pages\/158\/revisions\/186"}],"wp:attachment":[{"href":"https:\/\/www.wsga-amgs.org\/index.php?rest_route=%2Fwp%2Fv2%2Fmedia&parent=158"}],"wp:term":[{"taxonomy":"language","embeddable":true,"href":"https:\/\/www.wsga-amgs.org\/index.php?rest_route=%2Fwp%2Fv2%2Flanguage&post=158"}],"curies":[{"name":"wp","href":"https:\/\/api.w.org\/{rel}","templated":true}]}}